{"id":8162,"date":"2025-07-11T12:20:50","date_gmt":"2025-07-11T12:20:50","guid":{"rendered":"https:\/\/vr-solucoes.com\/?post_type=ploja&#038;p=8162"},"modified":"2025-07-11T14:34:18","modified_gmt":"2025-07-11T14:34:18","slug":"candeeiro-de-teto-roser","status":"publish","type":"ploja","link":"https:\/\/vr-solucoes.com\/fr\/ploja\/candeeiro-de-teto-roser\/","title":{"rendered":"Candeeiro de Teto Roser"},"content":{"rendered":"<p>O candeeiro ROSER \u00e9 ideal para dar um toque moderno e sofisticado a qualquer divis\u00e3o. A sua base cil\u00edndrica, feita em m\u00e1rmore preto, n\u00e3o s\u00f3 garante estabilidade, como tamb\u00e9m acrescenta um toque de distin\u00e7\u00e3o gra\u00e7as aos veios naturais deste material.<\/p>\n<p>Com dimens\u00f5es compactas de 11 cm de altura e 9 cm de di\u00e2metro, este candeeiro adapta-se perfeitamente a secret\u00e1rias, mesas de cabeceira ou recantos de leitura, proporcionando uma ilumina\u00e7\u00e3o aconchegante e focada.<\/p>\n<p>Tipo de l\u00e2mpada: 220\/240 E27. Pot\u00eancia m\u00e1xima: 40 W (l\u00e2mpada n\u00e3o inclu\u00edda).<\/p>\n<p>Cores dispon\u00edveis:<\/p>\n<p><img class=\"alignnone size-medium wp-image-8163\" src=\"https:\/\/vr-solucoes.com\/wp-content\/uploads\/2025\/07\/candeeirodemesa-roser-cores-300x162.jpg\" alt=\"Cores dispon\u00edveis do Candeeiro de Mesa Roser - Somcasa\" width=\"300\" height=\"162\" srcset=\"https:\/\/vr-solucoes.com\/wp-content\/uploads\/2025\/07\/candeeirodemesa-roser-cores-300x162.jpg 300w, https:\/\/vr-solucoes.com\/wp-content\/uploads\/2025\/07\/candeeirodemesa-roser-cores.jpg 609w\" sizes=\"(max-width: 300px) 100vw, 300px\" \/><\/p>\n","protected":false},"featured_media":8283,"template":"","meta":[],"categoria_ploja":[115],"designacao":[],"tecidos":[],"acabamento":[],"cor_estrutura":[],"cor_do_tampo":[],"cor":[],"marcas_produto":[333],"acf":[],"yoast_head":"<!-- This site is optimized with the Yoast SEO plugin v19.9 - https:\/\/yoast.com\/wordpress\/plugins\/seo\/ -->\n<title>Candeeiro de Teto Roser - VR Solu\u00e7\u00f5es<\/title>\n<meta name=\"robots\" content=\"index, follow, max-snippet:-1, max-image-preview:large, max-video-preview:-1\" \/>\n<link rel=\"canonical\" href=\"https:\/\/vr-solucoes.com\/ploja\/candeeiro-de-teto-roser\/\" \/>\n<meta property=\"og:locale\" content=\"fr_FR\" \/>\n<meta property=\"og:type\" content=\"article\" \/>\n<meta property=\"og:title\" content=\"Candeeiro de Teto Roser - VR Solu\u00e7\u00f5es\" \/>\n<meta property=\"og:description\" content=\"O candeeiro ROSER \u00e9 ideal para dar um toque moderno e sofisticado a qualquer divis\u00e3o. [&hellip;]\" \/>\n<meta property=\"og:url\" content=\"https:\/\/vr-solucoes.com\/ploja\/candeeiro-de-teto-roser\/\" \/>\n<meta property=\"og:site_name\" content=\"VR Solu\u00e7\u00f5es\" \/>\n<meta property=\"article:modified_time\" content=\"2025-07-11T14:34:18+00:00\" \/>\n<meta property=\"og:image\" content=\"https:\/\/vr-solucoes.com\/wp-content\/uploads\/2025\/07\/roser-preco.jpg\" \/>\n\t<meta property=\"og:image:width\" content=\"1080\" \/>\n\t<meta property=\"og:image:height\" content=\"1080\" \/>\n\t<meta property=\"og:image:type\" content=\"image\/jpeg\" \/>\n<meta name=\"twitter:card\" content=\"summary_large_image\" \/>\n<meta name=\"twitter:label1\" content=\"Dur\u00e9e de lecture estim\u00e9e\" \/>\n\t<meta name=\"twitter:data1\" content=\"1 minute\" \/>\n<script type=\"application\/ld+json\" class=\"yoast-schema-graph\">{\"@context\":\"https:\/\/schema.org\",\"@graph\":[{\"@type\":\"WebPage\",\"@id\":\"https:\/\/vr-solucoes.com\/ploja\/candeeiro-de-teto-roser\/\",\"url\":\"https:\/\/vr-solucoes.com\/ploja\/candeeiro-de-teto-roser\/\",\"name\":\"Candeeiro de Teto Roser - VR Solu\u00e7\u00f5es\",\"isPartOf\":{\"@id\":\"https:\/\/vr-solucoes.com\/#website\"},\"datePublished\":\"2025-07-11T12:20:50+00:00\",\"dateModified\":\"2025-07-11T14:34:18+00:00\",\"breadcrumb\":{\"@id\":\"https:\/\/vr-solucoes.com\/ploja\/candeeiro-de-teto-roser\/#breadcrumb\"},\"inLanguage\":\"fr-FR\",\"potentialAction\":[{\"@type\":\"ReadAction\",\"target\":[\"https:\/\/vr-solucoes.com\/ploja\/candeeiro-de-teto-roser\/\"]}]},{\"@type\":\"BreadcrumbList\",\"@id\":\"https:\/\/vr-solucoes.com\/ploja\/candeeiro-de-teto-roser\/#breadcrumb\",\"itemListElement\":[{\"@type\":\"ListItem\",\"position\":1,\"name\":\"Home\",\"item\":\"https:\/\/vr-solucoes.com\/fr\/\"},{\"@type\":\"ListItem\",\"position\":2,\"name\":\"Candeeiro de Teto Roser\"}]},{\"@type\":\"WebSite\",\"@id\":\"https:\/\/vr-solucoes.com\/#website\",\"url\":\"https:\/\/vr-solucoes.com\/\",\"name\":\"VR Solu\u00e7\u00f5es\",\"description\":\"\",\"potentialAction\":[{\"@type\":\"SearchAction\",\"target\":{\"@type\":\"EntryPoint\",\"urlTemplate\":\"https:\/\/vr-solucoes.com\/?s={search_term_string}\"},\"query-input\":\"required name=search_term_string\"}],\"inLanguage\":\"fr-FR\"}]}<\/script>\n<!-- \/ Yoast SEO plugin. -->","yoast_head_json":{"title":"Candeeiro de Teto Roser - VR Solu\u00e7\u00f5es","robots":{"index":"index","follow":"follow","max-snippet":"max-snippet:-1","max-image-preview":"max-image-preview:large","max-video-preview":"max-video-preview:-1"},"canonical":"https:\/\/vr-solucoes.com\/ploja\/candeeiro-de-teto-roser\/","og_locale":"fr_FR","og_type":"article","og_title":"Candeeiro de Teto Roser - VR Solu\u00e7\u00f5es","og_description":"O candeeiro ROSER \u00e9 ideal para dar um toque moderno e sofisticado a qualquer divis\u00e3o. [&hellip;]","og_url":"https:\/\/vr-solucoes.com\/ploja\/candeeiro-de-teto-roser\/","og_site_name":"VR Solu\u00e7\u00f5es","article_modified_time":"2025-07-11T14:34:18+00:00","og_image":[{"width":1080,"height":1080,"url":"https:\/\/vr-solucoes.com\/wp-content\/uploads\/2025\/07\/roser-preco.jpg","type":"image\/jpeg"}],"twitter_card":"summary_large_image","twitter_misc":{"Dur\u00e9e de lecture estim\u00e9e":"1 minute"},"schema":{"@context":"https:\/\/schema.org","@graph":[{"@type":"WebPage","@id":"https:\/\/vr-solucoes.com\/ploja\/candeeiro-de-teto-roser\/","url":"https:\/\/vr-solucoes.com\/ploja\/candeeiro-de-teto-roser\/","name":"Candeeiro de Teto Roser - VR Solu\u00e7\u00f5es","isPartOf":{"@id":"https:\/\/vr-solucoes.com\/#website"},"datePublished":"2025-07-11T12:20:50+00:00","dateModified":"2025-07-11T14:34:18+00:00","breadcrumb":{"@id":"https:\/\/vr-solucoes.com\/ploja\/candeeiro-de-teto-roser\/#breadcrumb"},"inLanguage":"fr-FR","potentialAction":[{"@type":"ReadAction","target":["https:\/\/vr-solucoes.com\/ploja\/candeeiro-de-teto-roser\/"]}]},{"@type":"BreadcrumbList","@id":"https:\/\/vr-solucoes.com\/ploja\/candeeiro-de-teto-roser\/#breadcrumb","itemListElement":[{"@type":"ListItem","position":1,"name":"Home","item":"https:\/\/vr-solucoes.com\/fr\/"},{"@type":"ListItem","position":2,"name":"Candeeiro de Teto Roser"}]},{"@type":"WebSite","@id":"https:\/\/vr-solucoes.com\/#website","url":"https:\/\/vr-solucoes.com\/","name":"VR Solu\u00e7\u00f5es","description":"","potentialAction":[{"@type":"SearchAction","target":{"@type":"EntryPoint","urlTemplate":"https:\/\/vr-solucoes.com\/?s={search_term_string}"},"query-input":"required name=search_term_string"}],"inLanguage":"fr-FR"}]}},"_links":{"self":[{"href":"https:\/\/vr-solucoes.com\/fr\/wp-json\/wp\/v2\/ploja\/8162"}],"collection":[{"href":"https:\/\/vr-solucoes.com\/fr\/wp-json\/wp\/v2\/ploja"}],"about":[{"href":"https:\/\/vr-solucoes.com\/fr\/wp-json\/wp\/v2\/types\/ploja"}],"wp:featuredmedia":[{"embeddable":true,"href":"https:\/\/vr-solucoes.com\/fr\/wp-json\/wp\/v2\/media\/8283"}],"wp:attachment":[{"href":"https:\/\/vr-solucoes.com\/fr\/wp-json\/wp\/v2\/media?parent=8162"}],"wp:term":[{"taxonomy":"categoria_ploja","embeddable":true,"href":"https:\/\/vr-solucoes.com\/fr\/wp-json\/wp\/v2\/categoria_ploja?post=8162"},{"taxonomy":"designacao","embeddable":true,"href":"https:\/\/vr-solucoes.com\/fr\/wp-json\/wp\/v2\/designacao?post=8162"},{"taxonomy":"tecidos","embeddable":true,"href":"https:\/\/vr-solucoes.com\/fr\/wp-json\/wp\/v2\/tecidos?post=8162"},{"taxonomy":"acabamento","embeddable":true,"href":"https:\/\/vr-solucoes.com\/fr\/wp-json\/wp\/v2\/acabamento?post=8162"},{"taxonomy":"cor_estrutura","embeddable":true,"href":"https:\/\/vr-solucoes.com\/fr\/wp-json\/wp\/v2\/cor_estrutura?post=8162"},{"taxonomy":"cor_do_tampo","embeddable":true,"href":"https:\/\/vr-solucoes.com\/fr\/wp-json\/wp\/v2\/cor_do_tampo?post=8162"},{"taxonomy":"cor","embeddable":true,"href":"https:\/\/vr-solucoes.com\/fr\/wp-json\/wp\/v2\/cor?post=8162"},{"taxonomy":"marcas_produto","embeddable":true,"href":"https:\/\/vr-solucoes.com\/fr\/wp-json\/wp\/v2\/marcas_produto?post=8162"}],"curies":[{"name":"wp","href":"https:\/\/api.w.org\/{rel}","templated":true}]}}

<p>O candeeiro ROSER é ideal para dar um toque moderno e sofisticado a qualquer divisão. A sua base cilíndrica, feita em mármore preto, não só garante estabilidade, como também acrescenta um toque de distinção graças aos veios naturais deste material.</p>
<p>Com dimensões compactas de 11 cm de altura e 9 cm de diâmetro, este candeeiro adapta-se perfeitamente a secretárias, mesas de cabeceira ou recantos de leitura, proporcionando uma iluminação aconchegante e focada.</p>
<p>Tipo de lâmpada: 220/240 E27. Potência máxima: 40 W (lâmpada não incluída).</p>
<p>Cores disponíveis:</p>
<p><img class="alignnone size-medium wp-image-8163" src="https://vr-solucoes.com/wp-content/uploads/2025/07/candeeirodemesa-roser-cores-300x162.jpg" alt="Cores disponíveis do Candeeiro de Mesa Roser - Somcasa" width="300" height="162" srcset="https://vr-solucoes.com/wp-content/uploads/2025/07/candeeirodemesa-roser-cores-300x162.jpg 300w, https://vr-solucoes.com/wp-content/uploads/2025/07/candeeirodemesa-roser-cores.jpg 609w" sizes="(max-width: 300px) 100vw, 300px" /></p>

<!-- This site is optimized with the Yoast SEO plugin v19.9 - https://yoast.com/wordpress/plugins/seo/ -->
<title>Candeeiro de Teto Roser - VR Soluções</title>
<meta name="robots" content="index, follow, max-snippet:-1, max-image-preview:large, max-video-preview:-1" />
<link rel="canonical" href="https://vr-solucoes.com/ploja/candeeiro-de-teto-roser/" />
<meta property="og:locale" content="fr_FR" />
<meta property="og:type" content="article" />
<meta property="og:title" content="Candeeiro de Teto Roser - VR Soluções" />
<meta property="og:description" content="O candeeiro ROSER é ideal para dar um toque moderno e sofisticado a qualquer divisão. [&hellip;]" />
<meta property="og:url" content="https://vr-solucoes.com/ploja/candeeiro-de-teto-roser/" />
<meta property="og:site_name" content="VR Soluções" />
<meta property="article:modified_time" content="2025-07-11T14:34:18+00:00" />
<meta property="og:image" content="https://vr-solucoes.com/wp-content/uploads/2025/07/roser-preco.jpg" />
	<meta property="og:image:width" content="1080" />
	<meta property="og:image:height" content="1080" />
	<meta property="og:image:type" content="image/jpeg" />
<meta name="twitter:card" content="summary_large_image" />
<meta name="twitter:label1" content="Durée de lecture estimée" />
	<meta name="twitter:data1" content="1 minute" />
<script type="application/ld+json" class="yoast-schema-graph">{"@context":"https://schema.org","@graph":[{"@type":"WebPage","@id":"https://vr-solucoes.com/ploja/candeeiro-de-teto-roser/","url":"https://vr-solucoes.com/ploja/candeeiro-de-teto-roser/","name":"Candeeiro de Teto Roser - VR Soluções","isPartOf":{"@id":"https://vr-solucoes.com/#website"},"datePublished":"2025-07-11T12:20:50+00:00","dateModified":"2025-07-11T14:34:18+00:00","breadcrumb":{"@id":"https://vr-solucoes.com/ploja/candeeiro-de-teto-roser/#breadcrumb"},"inLanguage":"fr-FR","potentialAction":[{"@type":"ReadAction","target":["https://vr-solucoes.com/ploja/candeeiro-de-teto-roser/"]}]},{"@type":"BreadcrumbList","@id":"https://vr-solucoes.com/ploja/candeeiro-de-teto-roser/#breadcrumb","itemListElement":[{"@type":"ListItem","position":1,"name":"Home","item":"https://vr-solucoes.com/fr/"},{"@type":"ListItem","position":2,"name":"Candeeiro de Teto Roser"}]},{"@type":"WebSite","@id":"https://vr-solucoes.com/#website","url":"https://vr-solucoes.com/","name":"VR Soluções","description":"","potentialAction":[{"@type":"SearchAction","target":{"@type":"EntryPoint","urlTemplate":"https://vr-solucoes.com/?s={search_term_string}"},"query-input":"required name=search_term_string"}],"inLanguage":"fr-FR"}]}</script>
<!-- / Yoast SEO plugin. -->

Candeeiro de Teto Roser - VR Soluções

O candeeiro ROSER é ideal para dar um toque moderno e sofisticado a qualquer divisão. [&hellip;]

VR Soluções
